{"id":20469,"date":"2021-07-05T21:11:03","date_gmt":"2021-07-05T19:11:03","guid":{"rendered":"https:\/\/diploma2021.ecolecamondo.fr\/memoire\/vers-un-habitat-resilient\/"},"modified":"2021-09-08T18:32:30","modified_gmt":"2021-09-08T16:32:30","slug":"vers-un-habitat-resilient","status":"publish","type":"dissertation","link":"https:\/\/diploma2021.ecolecamondo.fr\/en\/memoire\/yasmina-martin\/vers-un-habitat-resilient\/","title":{"rendered":"Towards resilient housing"},"content":{"rendered":"\n<article class=\"text-paragraph bloc\"><div class=\"text-paragraph__content type-text\"><div class=\"text-paragraph__wrapper wrapper typo-scope\"><p class=\"text-paragraph__text p-paragraph style-center gut-hook-text\">Compar\u00e9e \u00e0 un \u00eatre qui vit, la mer nous offre ses richesses, elle nous renvoie \u00e0 nos origines. N\u00e9e sur une \u00eele, bord\u00e9e entre la mer des Cara\u00efbes et l\u2019oc\u00e9an Atlantique. J\u2019ai depuis petite, \u00e9t\u00e9 intrigu\u00e9, fascin\u00e9e par cette grande \u00e9tendue d\u2019eau sal\u00e9e. <\/p><\/div><\/div><\/article>\n\n\n<article class=\"misc-separator bloc\">\n    <hr class=\"misc-separator__hr\">\n<\/article>\n\n\n<article class=\"media-video bloc\">\n    <div class=\"media-video__content type-video video-system\">\n        <div class=\"media-video__container video-container cover-custom\" data-url=\"https:\/\/youtu.be\/oWMEg8F9vXI\" data-id=\"\">\n            <div class=\"media-video__cover style-background style-overlay video-cover\" ><\/div>\n            <iframe loading=\"lazy\" frameborder=\"0\" width=\"480\" height=\"270\" src=\"\" frameborder=\"0\" allow=\"autoplay; picture-in-picture\" allowfullscreen><\/iframe>\n        <\/div>\n    <\/div>\n    <\/article>\n\n\n\n<article class=\"text-highlighted bloc\"><div class=\"text-highlighted__content type-text style-border-top-bottom\"><div class=\"text-highlighted__wrapper wrapper typo-scope\"><p class=\"text-highlighted__text p-highlighted style-center gut-hook-text\">Comment habiter autrement le littoral de la Guadeloupe  ?<\/p><\/div><\/div><\/article>\n\n\n<article class=\"media-pdf bloc\">\n    <div class=\"media-pdf__content type-pdf\">\n        <div class=\"media-pdf__container\">\n            <div class=\"_df_book\" height=\"500\" source=\"https:\/\/diploma2021.ecolecamondo.fr\/content\/uploads\/2021\/06\/martn_yasmina01.pdf\">\n                <div class=\"cursor\">\n    <div class=\"cursor__more\"><\/div>\n    <div class=\"cursor__zoom\"><\/div>\n    <div class=\"cursor__hexagon\">\n        <svg width=\"22\" height=\"22\" viewBox=\"0 0 22 22\" fill=\"none\" xmlns=\"http:\/\/www.w3.org\/2000\/svg\">\n        <path class=\"path-main\" d=\"M2.83975 6.28867L11 1.57735L19.1603 6.28867V15.7113L11 20.4227L2.83975 15.7113V6.28867Z\" fill=\"black\" stroke=\"black\"\/>\n        <path class=\"path-second\" d=\"M1.97372 5.78867L11 0.57735L20.0263 5.78867V16.2113L11 21.4227L1.97372 16.2113V5.78867Z\" stroke=\"white\"\/>\n        <\/svg>\n    <\/div>\n<\/div>\n            <\/div>\n        <\/div>\n    <\/div>\n<\/article>\n","protected":false},"author":153,"featured_media":20471,"template":"","meta":{"_acf_changed":false,"_metafield_presentation":"The aim of this dissertation is to study how we can act now, or in the near future, to adapt to the phenomenon of rising water levels and find a different way of living on the Guadeloupe coast. I examine the concept of resilience. Can the capacity to adapt to various disturbances lead us to design resilient housing? We now know that climate disruption is becoming ever more frequent. As part of the rush to improve, what role and\/or place can the interior architect and the designer play in this process? What are the possible actions?","_metafield_image_toggle":false,"_metafield_image_legend":""},"keywords":[162],"teachers_list_1":[39],"class_list":["post-20469","dissertation","type-dissertation","status-publish","has-post-thumbnail","hentry","keywords-societal-field","teachers_list_1-manolita-filippi"],"acf":[],"yoast_head":"<!-- This site is optimized with the Yoast SEO plugin v27.2 - https:\/\/yoast.com\/product\/yoast-seo-wordpress\/ -->\n<title>Towards resilient housing - Diploma Camondo \u00e9dition 2021<\/title>\n<meta name=\"robots\" content=\"index, follow, max-snippet:-1, max-image-preview:large, max-video-preview:-1\" \/>\n<link rel=\"canonical\" href=\"https:\/\/diploma2021.ecolecamondo.fr\/en\/memoire\/yasmina-martin\/vers-un-habitat-resilient\/\" \/>\n<meta property=\"og:locale\" content=\"en_US\" \/>\n<meta property=\"og:type\" content=\"article\" \/>\n<meta property=\"og:title\" content=\"Towards resilient housing - Diploma Camondo \u00e9dition 2021\" \/>\n<meta property=\"og:url\" content=\"https:\/\/diploma2021.ecolecamondo.fr\/en\/memoire\/yasmina-martin\/vers-un-habitat-resilient\/\" \/>\n<meta property=\"og:site_name\" content=\"Diploma Camondo \u00e9dition 2021\" \/>\n<meta property=\"article:publisher\" content=\"https:\/\/fr-fr.facebook.com\/Ecole-Camondo-162722323743179\/\" \/>\n<meta property=\"article:modified_time\" content=\"2021-09-08T16:32:30+00:00\" \/>\n<meta property=\"og:image\" content=\"https:\/\/diploma2021.ecolecamondo.fr\/content\/uploads\/2021\/06\/3.1.jpg\" \/>\n\t<meta property=\"og:image:width\" content=\"1667\" \/>\n\t<meta property=\"og:image:height\" content=\"2081\" \/>\n\t<meta property=\"og:image:type\" content=\"image\/jpeg\" \/>\n<meta name=\"twitter:card\" content=\"summary_large_image\" \/>\n<script type=\"application\/ld+json\" class=\"yoast-schema-graph\">{\"@context\":\"https:\/\/schema.org\",\"@graph\":[{\"@type\":\"WebPage\",\"@id\":\"https:\/\/diploma2021.ecolecamondo.fr\/en\/memoire\/yasmina-martin\/vers-un-habitat-resilient\/\",\"url\":\"https:\/\/diploma2021.ecolecamondo.fr\/en\/memoire\/yasmina-martin\/vers-un-habitat-resilient\/\",\"name\":\"Towards resilient housing - Diploma Camondo \u00e9dition 2021\",\"isPartOf\":{\"@id\":\"https:\/\/diploma2021.ecolecamondo.fr\/en\/#website\"},\"primaryImageOfPage\":{\"@id\":\"https:\/\/diploma2021.ecolecamondo.fr\/en\/memoire\/yasmina-martin\/vers-un-habitat-resilient\/#primaryimage\"},\"image\":{\"@id\":\"https:\/\/diploma2021.ecolecamondo.fr\/en\/memoire\/yasmina-martin\/vers-un-habitat-resilient\/#primaryimage\"},\"thumbnailUrl\":\"https:\/\/diploma2021.ecolecamondo.fr\/content\/uploads\/2021\/06\/3.1.jpg\",\"datePublished\":\"2021-07-05T19:11:03+00:00\",\"dateModified\":\"2021-09-08T16:32:30+00:00\",\"breadcrumb\":{\"@id\":\"https:\/\/diploma2021.ecolecamondo.fr\/en\/memoire\/yasmina-martin\/vers-un-habitat-resilient\/#breadcrumb\"},\"inLanguage\":\"en-US\",\"potentialAction\":[{\"@type\":\"ReadAction\",\"target\":[\"https:\/\/diploma2021.ecolecamondo.fr\/en\/memoire\/yasmina-martin\/vers-un-habitat-resilient\/\"]}]},{\"@type\":\"ImageObject\",\"inLanguage\":\"en-US\",\"@id\":\"https:\/\/diploma2021.ecolecamondo.fr\/en\/memoire\/yasmina-martin\/vers-un-habitat-resilient\/#primaryimage\",\"url\":\"https:\/\/diploma2021.ecolecamondo.fr\/content\/uploads\/2021\/06\/3.1.jpg\",\"contentUrl\":\"https:\/\/diploma2021.ecolecamondo.fr\/content\/uploads\/2021\/06\/3.1.jpg\",\"width\":1667,\"height\":2081},{\"@type\":\"BreadcrumbList\",\"@id\":\"https:\/\/diploma2021.ecolecamondo.fr\/en\/memoire\/yasmina-martin\/vers-un-habitat-resilient\/#breadcrumb\",\"itemListElement\":[{\"@type\":\"ListItem\",\"position\":1,\"name\":\"Accueil\",\"item\":\"https:\/\/diploma2021.ecolecamondo.fr\/en\/\"},{\"@type\":\"ListItem\",\"position\":2,\"name\":\"M\u00e9moires\",\"item\":\"https:\/\/diploma2021.ecolecamondo.fr\/en\/memoire\/%student%\/\"},{\"@type\":\"ListItem\",\"position\":3,\"name\":\"Towards resilient housing\"}]},{\"@type\":\"WebSite\",\"@id\":\"https:\/\/diploma2021.ecolecamondo.fr\/en\/#website\",\"url\":\"https:\/\/diploma2021.ecolecamondo.fr\/en\/\",\"name\":\"Diploma Camondo \u00e9dition 2021\",\"description\":\"Travaux des \u00e9tudiants de 5e ann\u00e9e de l&#039;\u00c9cole Camondo\",\"potentialAction\":[{\"@type\":\"SearchAction\",\"target\":{\"@type\":\"EntryPoint\",\"urlTemplate\":\"https:\/\/diploma2021.ecolecamondo.fr\/en\/?s={search_term_string}\"},\"query-input\":{\"@type\":\"PropertyValueSpecification\",\"valueRequired\":true,\"valueName\":\"search_term_string\"}}],\"inLanguage\":\"en-US\"}]}<\/script>\n<!-- \/ Yoast SEO plugin. -->","yoast_head_json":{"title":"Towards resilient housing - Diploma Camondo \u00e9dition 2021","robots":{"index":"index","follow":"follow","max-snippet":"max-snippet:-1","max-image-preview":"max-image-preview:large","max-video-preview":"max-video-preview:-1"},"canonical":"https:\/\/diploma2021.ecolecamondo.fr\/en\/memoire\/yasmina-martin\/vers-un-habitat-resilient\/","og_locale":"en_US","og_type":"article","og_title":"Towards resilient housing - Diploma Camondo \u00e9dition 2021","og_url":"https:\/\/diploma2021.ecolecamondo.fr\/en\/memoire\/yasmina-martin\/vers-un-habitat-resilient\/","og_site_name":"Diploma Camondo \u00e9dition 2021","article_publisher":"https:\/\/fr-fr.facebook.com\/Ecole-Camondo-162722323743179\/","article_modified_time":"2021-09-08T16:32:30+00:00","og_image":[{"width":1667,"height":2081,"url":"https:\/\/diploma2021.ecolecamondo.fr\/content\/uploads\/2021\/06\/3.1.jpg","type":"image\/jpeg"}],"twitter_card":"summary_large_image","schema":{"@context":"https:\/\/schema.org","@graph":[{"@type":"WebPage","@id":"https:\/\/diploma2021.ecolecamondo.fr\/en\/memoire\/yasmina-martin\/vers-un-habitat-resilient\/","url":"https:\/\/diploma2021.ecolecamondo.fr\/en\/memoire\/yasmina-martin\/vers-un-habitat-resilient\/","name":"Towards resilient housing - Diploma Camondo \u00e9dition 2021","isPartOf":{"@id":"https:\/\/diploma2021.ecolecamondo.fr\/en\/#website"},"primaryImageOfPage":{"@id":"https:\/\/diploma2021.ecolecamondo.fr\/en\/memoire\/yasmina-martin\/vers-un-habitat-resilient\/#primaryimage"},"image":{"@id":"https:\/\/diploma2021.ecolecamondo.fr\/en\/memoire\/yasmina-martin\/vers-un-habitat-resilient\/#primaryimage"},"thumbnailUrl":"https:\/\/diploma2021.ecolecamondo.fr\/content\/uploads\/2021\/06\/3.1.jpg","datePublished":"2021-07-05T19:11:03+00:00","dateModified":"2021-09-08T16:32:30+00:00","breadcrumb":{"@id":"https:\/\/diploma2021.ecolecamondo.fr\/en\/memoire\/yasmina-martin\/vers-un-habitat-resilient\/#breadcrumb"},"inLanguage":"en-US","potentialAction":[{"@type":"ReadAction","target":["https:\/\/diploma2021.ecolecamondo.fr\/en\/memoire\/yasmina-martin\/vers-un-habitat-resilient\/"]}]},{"@type":"ImageObject","inLanguage":"en-US","@id":"https:\/\/diploma2021.ecolecamondo.fr\/en\/memoire\/yasmina-martin\/vers-un-habitat-resilient\/#primaryimage","url":"https:\/\/diploma2021.ecolecamondo.fr\/content\/uploads\/2021\/06\/3.1.jpg","contentUrl":"https:\/\/diploma2021.ecolecamondo.fr\/content\/uploads\/2021\/06\/3.1.jpg","width":1667,"height":2081},{"@type":"BreadcrumbList","@id":"https:\/\/diploma2021.ecolecamondo.fr\/en\/memoire\/yasmina-martin\/vers-un-habitat-resilient\/#breadcrumb","itemListElement":[{"@type":"ListItem","position":1,"name":"Accueil","item":"https:\/\/diploma2021.ecolecamondo.fr\/en\/"},{"@type":"ListItem","position":2,"name":"M\u00e9moires","item":"https:\/\/diploma2021.ecolecamondo.fr\/en\/memoire\/%student%\/"},{"@type":"ListItem","position":3,"name":"Towards resilient housing"}]},{"@type":"WebSite","@id":"https:\/\/diploma2021.ecolecamondo.fr\/en\/#website","url":"https:\/\/diploma2021.ecolecamondo.fr\/en\/","name":"Diploma Camondo \u00e9dition 2021","description":"Travaux des \u00e9tudiants de 5e ann\u00e9e de l&#039;\u00c9cole Camondo","potentialAction":[{"@type":"SearchAction","target":{"@type":"EntryPoint","urlTemplate":"https:\/\/diploma2021.ecolecamondo.fr\/en\/?s={search_term_string}"},"query-input":{"@type":"PropertyValueSpecification","valueRequired":true,"valueName":"search_term_string"}}],"inLanguage":"en-US"}]}},"_links":{"self":[{"href":"https:\/\/diploma2021.ecolecamondo.fr\/en\/wp-json\/wp\/v2\/dissertation\/20469","targetHints":{"allow":["GET"]}}],"collection":[{"href":"https:\/\/diploma2021.ecolecamondo.fr\/en\/wp-json\/wp\/v2\/dissertation"}],"about":[{"href":"https:\/\/diploma2021.ecolecamondo.fr\/en\/wp-json\/wp\/v2\/types\/dissertation"}],"author":[{"embeddable":true,"href":"https:\/\/diploma2021.ecolecamondo.fr\/en\/wp-json\/wp\/v2\/users\/153"}],"wp:featuredmedia":[{"embeddable":true,"href":"https:\/\/diploma2021.ecolecamondo.fr\/en\/wp-json\/wp\/v2\/media\/20471"}],"wp:attachment":[{"href":"https:\/\/diploma2021.ecolecamondo.fr\/en\/wp-json\/wp\/v2\/media?parent=20469"}],"wp:term":[{"taxonomy":"keywords","embeddable":true,"href":"https:\/\/diploma2021.ecolecamondo.fr\/en\/wp-json\/wp\/v2\/keywords?post=20469"},{"taxonomy":"teachers_list_1","embeddable":true,"href":"https:\/\/diploma2021.ecolecamondo.fr\/en\/wp-json\/wp\/v2\/teachers_list_1?post=20469"}],"curies":[{"name":"wp","href":"https:\/\/api.w.org\/{rel}","templated":true}]}}

<article class="text-paragraph bloc"><div class="text-paragraph__content type-text"><div class="text-paragraph__wrapper wrapper typo-scope"><p class="text-paragraph__text p-paragraph style-center gut-hook-text">Comparée à un être qui vit, la mer nous offre ses richesses, elle nous renvoie à nos origines. Née sur une île, bordée entre la mer des Caraïbes et l’océan Atlantique. J’ai depuis petite, été intrigué, fascinée par cette grande étendue d’eau salée. </p></div></div></article>


<article class="misc-separator bloc">
    <hr class="misc-separator__hr">
</article>


<article class="media-video bloc">
    <div class="media-video__content type-video video-system">
        <div class="media-video__container video-container cover-custom" data-url="https://youtu.be/oWMEg8F9vXI" data-id="">
            <div class="media-video__cover style-background style-overlay video-cover" ></div>
            <iframe loading="lazy" frameborder="0" width="480" height="270" src="" frameborder="0" allow="autoplay; picture-in-picture" allowfullscreen></iframe>
        </div>
    </div>
    </article>



<article class="text-highlighted bloc"><div class="text-highlighted__content type-text style-border-top-bottom"><div class="text-highlighted__wrapper wrapper typo-scope"><p class="text-highlighted__text p-highlighted style-center gut-hook-text">Comment habiter autrement le littoral de la Guadeloupe  ?</p></div></div></article>


<article class="media-pdf bloc">
    <div class="media-pdf__content type-pdf">
        <div class="media-pdf__container">
            <div class="_df_book" height="500" source="https://diploma2021.ecolecamondo.fr/content/uploads/2021/06/martn_yasmina01.pdf">
                <div class="cursor">
    <div class="cursor__more"></div>
    <div class="cursor__zoom"></div>
    <div class="cursor__hexagon">
        <svg width="22" height="22" viewBox="0 0 22 22" fill="none" xmlns="http://www.w3.org/2000/svg">
        <path class="path-main" d="M2.83975 6.28867L11 1.57735L19.1603 6.28867V15.7113L11 20.4227L2.83975 15.7113V6.28867Z" fill="black" stroke="black"/>
        <path class="path-second" d="M1.97372 5.78867L11 0.57735L20.0263 5.78867V16.2113L11 21.4227L1.97372 16.2113V5.78867Z" stroke="white"/>
        </svg>
    </div>
</div>
            </div>
        </div>
    </div>
</article>

<!-- This site is optimized with the Yoast SEO plugin v27.2 - https://yoast.com/product/yoast-seo-wordpress/ -->
<title>Towards resilient housing - Diploma Camondo édition 2021</title>
<meta name="robots" content="index, follow, max-snippet:-1, max-image-preview:large, max-video-preview:-1" />
<link rel="canonical" href="https://diploma2021.ecolecamondo.fr/en/memoire/yasmina-martin/vers-un-habitat-resilient/" />
<meta property="og:locale" content="en_US" />
<meta property="og:type" content="article" />
<meta property="og:title" content="Towards resilient housing - Diploma Camondo édition 2021" />
<meta property="og:url" content="https://diploma2021.ecolecamondo.fr/en/memoire/yasmina-martin/vers-un-habitat-resilient/" />
<meta property="og:site_name" content="Diploma Camondo édition 2021" />
<meta property="article:publisher" content="https://fr-fr.facebook.com/Ecole-Camondo-162722323743179/" />
<meta property="article:modified_time" content="2021-09-08T16:32:30+00:00" />
<meta property="og:image" content="https://diploma2021.ecolecamondo.fr/content/uploads/2021/06/3.1.jpg" />
	<meta property="og:image:width" content="1667" />
	<meta property="og:image:height" content="2081" />
	<meta property="og:image:type" content="image/jpeg" />
<meta name="twitter:card" content="summary_large_image" />
<script type="application/ld+json" class="yoast-schema-graph">{"@context":"https://schema.org","@graph":[{"@type":"WebPage","@id":"https://diploma2021.ecolecamondo.fr/en/memoire/yasmina-martin/vers-un-habitat-resilient/","url":"https://diploma2021.ecolecamondo.fr/en/memoire/yasmina-martin/vers-un-habitat-resilient/","name":"Towards resilient housing - Diploma Camondo édition 2021","isPartOf":{"@id":"https://diploma2021.ecolecamondo.fr/en/#website"},"primaryImageOfPage":{"@id":"https://diploma2021.ecolecamondo.fr/en/memoire/yasmina-martin/vers-un-habitat-resilient/#primaryimage"},"image":{"@id":"https://diploma2021.ecolecamondo.fr/en/memoire/yasmina-martin/vers-un-habitat-resilient/#primaryimage"},"thumbnailUrl":"https://diploma2021.ecolecamondo.fr/content/uploads/2021/06/3.1.jpg","datePublished":"2021-07-05T19:11:03+00:00","dateModified":"2021-09-08T16:32:30+00:00","breadcrumb":{"@id":"https://diploma2021.ecolecamondo.fr/en/memoire/yasmina-martin/vers-un-habitat-resilient/#breadcrumb"},"inLanguage":"en-US","potentialAction":[{"@type":"ReadAction","target":["https://diploma2021.ecolecamondo.fr/en/memoire/yasmina-martin/vers-un-habitat-resilient/"]}]},{"@type":"ImageObject","inLanguage":"en-US","@id":"https://diploma2021.ecolecamondo.fr/en/memoire/yasmina-martin/vers-un-habitat-resilient/#primaryimage","url":"https://diploma2021.ecolecamondo.fr/content/uploads/2021/06/3.1.jpg","contentUrl":"https://diploma2021.ecolecamondo.fr/content/uploads/2021/06/3.1.jpg","width":1667,"height":2081},{"@type":"BreadcrumbList","@id":"https://diploma2021.ecolecamondo.fr/en/memoire/yasmina-martin/vers-un-habitat-resilient/#breadcrumb","itemListElement":[{"@type":"ListItem","position":1,"name":"Accueil","item":"https://diploma2021.ecolecamondo.fr/en/"},{"@type":"ListItem","position":2,"name":"Mémoires","item":"https://diploma2021.ecolecamondo.fr/en/memoire/%student%/"},{"@type":"ListItem","position":3,"name":"Towards resilient housing"}]},{"@type":"WebSite","@id":"https://diploma2021.ecolecamondo.fr/en/#website","url":"https://diploma2021.ecolecamondo.fr/en/","name":"Diploma Camondo édition 2021","description":"Travaux des étudiants de 5e année de l&#039;École Camondo","potentialAction":[{"@type":"SearchAction","target":{"@type":"EntryPoint","urlTemplate":"https://diploma2021.ecolecamondo.fr/en/?s={search_term_string}"},"query-input":{"@type":"PropertyValueSpecification","valueRequired":true,"valueName":"search_term_string"}}],"inLanguage":"en-US"}]}</script>
<!-- / Yoast SEO plugin. -->

Towards resilient housing - Diploma Camondo édition 2021

Diploma Camondo édition 2021

Mémoires

Travaux des étudiants de 5e année de l&#039;École Camondo
